 963018482?
2, 17, 73, 103, 3767
List the prime factors of 3424990321.
3203, 1069307
What are the prime factors of 115661232?
2, 3, 401, 2003
List the prime factors of 32143141.
17, 59, 73, 439
List the prime factors of 28488377.
1373, 20749
What are the prime factors of 119573331?
3, 39857777
What are the prime factors of 19739968?
2, 308437
List the prime factors of 60683572.
2, 677, 22409
What are the prime factors of 28985568?
2, 3, 301933
What are the prime factors of 54913579?
7, 593, 13229
List the prime factors of 16756296.
2, 3, 157, 4447
List the prime factors of 80850839.
2749, 29411
What are the prime factors of 4507184?
2, 11, 25609
List the prime factors of 326704843.
326704843
List the prime factors of 97685640.
2, 3, 5, 13, 20873
What are the prime factors of 57777320?
2, 5, 449, 3217
List the prime factors of 126099411.
3, 6217, 6761
What are the prime factors of 1662197735?
5, 11, 461, 65557
List the prime factors of 85738566.
2, 3, 14289761
List the prime factors of 55915605.
3, 5, 1242569
What are the prime factors of 89752296?
2, 3, 1213, 3083
What are the prime factors of 388635770?
2, 5, 107, 363211
List the prime factors of 12853292.
2, 17, 189019
List the prime factors of 6399830101.
7, 127, 7198909
List the prime factors of 3442957015.
5, 688591403
What are the prime factors of 87252809?
7, 1187, 10501
What are the prime factors of 1333259?
17, 78427
List the prime factors of 73549465.
5, 11, 1337263
List the prime factors of 1465027915.
5, 13, 31, 727061
What are the prime factors of 27312588?
2, 3, 193, 3931
List the prime factors of 286718021.
8467, 33863
What are the prime factors of 1443833820?
2, 3, 5, 11, 13, 56093
List the prime factors of 34308512.
2, 7, 97, 1579
What are the prime factors of 141069931?
141069931
What are the prime factors of 176104659?
3, 2243, 26171
List the prime factors of 13717131.
3, 23, 61, 3259
What are the prime factors of 349911711?
3, 233, 55621
List the prime factors of 39741440.
2, 5, 3881
What are the prime factors of 5115240623?
971, 5268013
List the prime factors of 45687842.
2, 22843921
What are the prime factors of 1412592822?
2, 3, 78477379
List the prime factors of 29779953.
3, 7, 1418093
What are the prime factors of 5564852616?
2, 3, 6373, 36383
What are the prime factors of 528073678?
2, 11, 73, 328813
List the prime factors of 389827154.
2, 73, 2670049
What are the prime factors of 105335008?
2, 3291719
List the prime factors of 3011594429.
30103, 100043
List the prime factors of 1129170600.
2, 3, 5, 17, 36901
What are the prime factors of 938118702?
2, 3, 43, 3636119
List the prime factors of 185143196.
2, 7, 6612257
List the prime factors of 59578325.
5, 29, 37, 2221
List the prime factors of 64454692.
2, 16113673
List the prime factors of 227982117.
3, 11, 617, 11197
List the prime factors of 421512161.
7, 17, 71, 7127
List the prime factors of 27537857.
1447, 19031
List the prime factors of 58506661.
4663, 12547
List the prime factors of 1255839453.
3, 11, 17, 746191
List the prime factors of 2031413.
101, 20113
List the prime factors of 105817734.
2, 3, 11, 73, 7321
List the prime factors of 820129732.
2, 263, 779591
What are the prime factors of 1939766038?
2, 7, 31, 638501
What are the prime factors of 114128416?
2, 3566513
What are the prime factors of 28831983?
3, 17, 565333
What are the prime factors of 320899529?
29, 381569
List the prime factors of 481919339.
11, 37, 1184077
What are the prime factors of 2759386110?
2, 3, 5, 13, 17, 43, 9679
What are the prime factors of 56374376?
2, 29, 43, 5651
List the prime factors of 412426633.
412426633
List the prime factors of 1414935.
3, 5, 47, 223
List the prime factors of 1614409301.
17, 94965253
What are the prime factors of 97304340?
2, 3, 5, 7, 231677
What are the prime factors of 2001676425?
3, 5, 7, 29, 73, 1801
What are the prime factors of 3348443129?
3348443129
List the prime factors of 22628502.
2, 3, 13, 96703
What are the prime factors of 36063534?
2, 3, 13, 401, 1153
List the prime factors of 713899198.
2, 19, 18786821
List the prime factors of 14861395.
5, 2972279
List the prime factors of 49645343.
11, 4513213
List the prime factors of 52408070.
2, 5, 11, 13, 67, 547
What are the prime factors of 105412435?
5, 41, 211, 2437
What are the prime factors of 799408790?
2, 5, 79940879
What are the prime factors of 1110694000?
2, 5, 13, 42719
What are the prime factors of 1167495079?
29, 40258451
List the prime factors of 7363378.
2, 11, 334699
List the prime factors of 8999110682.
2, 13553, 331997
List the prime factors of 394926592.
2, 17, 157
List the prime factors of 58902707.
58902707
List the prime factors of 76395719.
23, 3321553
What are the prime factors of 109534263?
3, 36511421
List the prime factors of 205472358.
2, 3, 7, 13, 125441
What are the prime factors of 2028550407?
3, 13, 52014113
What are the prime factors of 605318534?
2, 302659267
What are the prime factors of 23806332?
2, 3, 11, 29, 691
List the prime factors of 809146350.
2, 3, 5, 19, 101, 937
List the prime factors of 4764300183.
3, 47, 11263121
What are the prime factors of 4500976141?
1091, 4125551
What are the prime factors of 401310654?
2, 3, 3943, 16963
List the prime factors of 24725678.
2, 12362839
List the prime factors of 7050279946.
2, 883, 3992231
List the prime factors of 1469121170.
2, 5, 11, 337, 39631
List the prime factors of 1068880029.
3, 7, 50899049
What are the prime factors of 1398344106?
2, 3, 167, 1395553
List the prime factors of 430194222.
2, 3, 41, 593, 983
What are the prime factors of 137526107?
17, 223, 36277
List the prime factors of 115001955.
3, 5, 23, 4831
List the prime factors of 43171397.
73, 107, 5527
List the prime factors of 165007154.
2, 13, 83, 76463
What are the prime factors of 11778388?
2, 31, 43, 47
What are the prime factors of 1263137929?
89, 521, 27241
List the prime factors of 1098703144.
2, 7, 11, 53, 73, 461
What are the prime factors of 1840177467?
3, 191, 356831
List the prime factors of 148215809.
7, 17, 191, 6521
List the prime factors of 4651206653.
4651206653
What are the prime factors of 52535911?
52535911
What are the prime factors of 104427451?
41, 157, 16223
List the prime factors of 2702321441.
53, 50987197
What are the prime factors of 165870068?
2, 7, 13, 455687
List the prime factors of 317360784.
2, 3, 13, 73, 6967
List the prime factors of 16769087.
113, 148399
List the prime factors of 302520235.
5, 109, 555083
What are the prime factors of 157073543?
11, 2459, 5807
What are the prime factors of 53682147?
3, 5964683
List the prime factors of 193773586.
2, 179, 541267
List the prime factors of 3592796998.
2, 7, 389, 659713
What are the prime factors of 53783655?
3, 5, 1733, 2069
List the prime factors of 72645416.
2, 9080677
What are the prime factors of 54163435?
5, 139, 77933
What are the prime factors of 193624342?
2, 1451, 66721
What are the prime factors of 699097979?
24697, 28307
What are the prime factors of 227341201?
971, 234131
What are the prime factors of 1451198697?
3, 13, 37210223
What are the prime factors of 468240223?
11, 479, 88867
What are the prime factors of 10854610?
2, 5, 13, 83497
List the prime factors of 954369500.
2, 5, 7, 257, 1061
List the prime factors of 567851891.
16703, 33997
What are the prime factors of 4486610164?
2, 1121652541
What are the prime factors of 136124949?
3, 19, 2388157
List the prime factors of 20445156.
2, 3, 189307
List the prime factors of 120541638.
2, 3, 7, 2870039
What are the prime factors of 1492773227?
11, 199, 681943
List the prime factors of 121848346.
2, 47, 421, 3079
What are the prime factors of 67325878?
2, 29, 131, 8861
What are the prime factors of 275485512?
2, 3, 11478563
List the prime factors of 305796933.
3, 13, 2613649
What are the prime factors of 2750424874?
2, 5297, 259621
List the prime factors of 67948242.
2, 3, 11324707
List the prime factors of 482354244.
2, 3, 4466243
List the prime factors of 127980754.
2, 11, 89, 163, 401
List the prime factors of 818489723.
11777, 69499
What are the prime factors of 3282354767?
37, 88712291
List the prime factors of 7015916.
2, 1753979
List the prime factors of 149156984.
2, 3433, 5431
What are the prime factors of 4104949333?
29, 141549977
Wh